hat is -3 + -da?
-dd
In base 9, what is -8657 + -4?
-8662
In base 14, what is -3 - -1874?
1871
In base 7, what is -5 + -21644?
-21652
In base 6, what is -15 - -301?
242
In base 14, what is 471 + -3?
46c
In base 9, what is 6262 + 4?
6266
In base 4, what is -2233 - 3?
-2302
In base 12, what is 12 - 5b7?
-5a5
In base 9, what is -47 + -10?
-57
In base 7, what is -2355 - 2?
-2360
In base 12, what is -5 + 91?
88
In base 4, what is -20300 + -100?
-21000
In base 4, what is 21213 + 0?
21213
In base 3, what is 2001 + -1?
2000
In base 11, what is 3632 - 3?
362a
In base 7, what is 3 - -6363?
6366
In base 14, what is -2 - 13a?
-13c
In base 16, what is 4 - ad?
-a9
In base 13, what is -a + 85?
78
In base 14, what is 4215 + 0?
4215
In base 14, what is 4 - -304?
308
In base 8, what is 0 - -1177?
1177
In base 5, what is 30400 - -11?
30411
In base 6, what is -55 - -2?
-53
In base 10, what is -4 + 360?
356
In base 4, what is 1 + 2020?
2021
In base 15, what is -3b - -6?
-35
In base 9, what is -5375 - 2?
-5377
In base 2, what is -10001001 - 101?
-10001110
In base 8, what is 1 + -21?
-20
In base 13, what is 3 + 4bc?
4c2
In base 10, what is -2268 + 4?
-2264
In base 13, what is -cc - 4?
-103
In base 8, what is 514 - -2?
516
In base 11, what is 5 - 21?
-17
In base 14, what is -cc + -1?
-cd
In base 8, what is -5 - 366?
-373
In base 12, what is 922 - -2?
924
In base 5, what is -32 + -10?
-42
In base 5, what is -2012 + 2?
-2010
In base 7, what is -3 - 1100?
-1103
In base 2, what is 111011010 - -11110?
111111000
In base 8, what is 10 + 317?
327
In base 13, what is 0 + 68?
68
In base 15, what is -338 + -1?
-339
In base 12, what is -2 - 25?
-27
In base 13, what is -15 - 6?
-1b
In base 7, what is -134 - -56?
-45
In base 4, what is -2 - 20122?
-20130
In base 10, what is -554 + -4?
-558
In base 6, what is -25 + 234?
205
In base 15, what is -6 - -1?
-5
In base 3, what is 1010 - 12201?
-11121
In base 8, what is 2 - -113?
115
In base 8, what is -5 - -11?
4
In base 6, what is 0 + -1205?
-1205
In base 13, what is 3 + 1a9?
1ac
In base 11, what is -5 + 609?
604
In base 3, what is -200 + 2001?
1101
In base 10, what is 5 + -23?
-18
In base 4, what is 1 + 2002?
2003
In base 6, what is -5453 + 2?
-5451
In base 14, what is 2 + 1cc?
1d0
In base 6, what is 5 + 22045?
22054
In base 2, what is 100 + 1011?
1111
In base 4, what is 10 - -301?
311
In base 13, what is 0 + -205?
-205
In base 7, what is 2 + -4625?
-4623
In base 14, what is -19 - -11?
-8
In base 16, what is -ed - -2?
-eb
In base 6, what is 1 + -135?
-134
In base 6, what is 1050 + -1?
1045
In base 5, what is 2 + -24110?
-24103
In base 15, what is 3 + 104?
107
In base 8, what is -4 - -222?
216
In base 3, what is 1 - -20210210?
20210211
In base 5, what is 1 + -24?
-23
In base 12, what is 1b6 + -1?
1b5
In base 7, what is -55 + 3?
-52
In base 16, what is -303 + 2?
-301
In base 8, what is 4 + -2115?
-2111
In base 5, what is 23244 - -10?
23304
In base 7, what is -256 + 0?
-256
In base 11, what is -1a8 - 2?
-1aa
In base 12, what is -4 - -140?
138
In base 6, what is -3 - 315?
-322
In base 9, what is 2156 - -5?
2162
In base 8, what is 323 + 4?
327
In base 9, what is 520 + -34?
475
In base 8, what is 17 - 3?
14
In base 4, what is -20 + -30?
-110
In base 9, what is 0 + 1684?
1684
In base 3, what is -1 + 121102?
121101
In base 15, what is -641 - 0?
-641
In base 9, what is -7 + 58?
51
In base 3, what is -20 - 1220?
-2010
In base 13, what is -2 - 55?
-57
In base 12, what is 2 + -172?
-170
In base 9, what is -18031 + -5?
-18036
In base 5, what is -10 - -10?
0
In base 16, what is 5 - ade?
-ad9
In base 9, what is -4705 - 0?
-4705
In base 5, what is 10 - -110?
120
In base 15, what is 103 - -1?
104
In base 16, what is 2c - 61?
-35
In base 14, what is 2 + 1b?
1d
In base 3, what is -11120 + 11?
-11102
In base 5, what is -3 - -33?
30
In base 13, what is 5 - -9a?
a2
In base 7, what is 16 + 355?
404
In base 6, what is 5132 + -3?
5125
In base 6, what is 22 - -40?
102
In base 10, what is -152 + -5?
-157
In base 4, what is -10 + 211?
201
In base 10, what is 11 + -28?
-17
In base 11, what is -4 - -393?
38a
In base 5, what is -12 - 0?
-12
In base 10, what is 1290 - 2?
1288
In base 5, what is -4 + 120433?
120424
In base 4, what is 1022030 - -2?
1022032
In base 9, what is -1241 + -4?
-1245
In base 10, what is 30 + -3?
27
In base 10, what is -2 + -103?
-105
In base 4, what is -2230 + 3?
-2221
In base 2, what is 101000 + -111?
100001
In base 15, what is -8e - 3?
-92
In base 14, what is 6 + 2c?
34
In base 6, what is -1152 + 1?
-1151
In base 6, what is -40 + 1122?
1042
In base 6, what is -34432 - 5?
-34441
In base 9, what is 21 - -1082?
1113
In base 3, what is 112001 + 2?
112010
In base 7, what is 1406 + -12?
1364
In base 3, what is 202012202 - 0?
202012202
In base 9, what is 855 + -12?
843
In base 16, what is f2 - 4?
ee
In base 11, what is 3 + -3a4?
-3a1
In base 7, what is -6 + 1006?
1000
In base 15, what is 1cc + 31?
20d
In base 2, what is -100 - 1001?
-1101
In base 11, what is 0 + -46?
-46
In base 11, what is -2a + 2?
-28
In base 16, what is -3 - -217?
214
In base 3, what is 22 - 11000?
-10201
In base 13, what is 0 - 1c52?
-1c52
In base 8, what is 64 - 36?
26
In base 11, what is 836 - 0?
836
In base 12, what is -77 + -1a1?
-258
In base 5, what is 1042 - 104?
433
In base 9, what is 87 - -3?
101
In base 15, what is 155a + 3?
155d
In base 4, what is -201 - 23?
-230
In base 2, what is 0 - 10001000?
-10001000
In base 12, what is b5 - 1?
b4
In base 2, what is 10010 - -10?
10100
In base 7, what is 1 - -144?
145
In base 9, what is -7 - 152?
-160
In base 2, what is 111011 + 10011111?
11011010
In base 10, what is -1211 - 0?
-1211
In base 2, what is 11011 + 1110001001?
1110100100
In base 12, what is -1 + 113?
112
In base 7, what is -123 + -1?
-124
In base 13, what is -2 + 39?
37
In base 14, what is 14 - 9bd?
-9a9
In base 3, what is -10121 - 102?
-11000
In base 14, what is 8cd + -4?
8c9
In base 2, what is -100111 - -11?
-100100
In base 2, what is -101 + -101011101110?
-101011110011
In base 9, what is -22 + 106?
74
In base 2, what is -10 + 1101001?
1100111
In base 16, what is -255 - -19?
-23c
In base 10, what is 44 - 8?
36
In base 12, what is 12 + -81?
-6b
In base 11, what is 16 + 322?
338
In base 8, what is 10 - -1350?
1360
In base 10, what is -2 - 303?
-305
In base 7, what is 3200 + -4?
3163
In base 9, what is 4754 + -4?
4750
In base 15, what is 2 - 100?
-ed
In base 9, what is 178 + 3?
182
In base 15, what is 636 - 5?
631
In base 12, what is -357 - 4?
-35b
In base 6, what is 124 + -133?
-5
In base 11, what is 2 + -16?
-14
In base 8, what is -4 + -227?
-233
In base 8, what is -47 - 1?
-50
In base 14, what is -2 + -1037?
-1039
In base 10, what is -38 - -4?
-34
In base 8, what is -10 + -310?
-320
In base 12, what is 7a8 - 2?
7a6
In base 3, what is -100201 - 2?
-100210
In base 9, what is 13 + 3?
16
In base 10, what is -11480 - -5?
-11475
In base 11, what is 1 + -201?
-200
In base 14, what is -12 + -1d5?
-207
In base 2, what is -1 + -100001011?
-100001100
In base 4, what is -133 + 103?
-30
In base 16, what is d - -8?
15
In base 14, what is -97 - -5?
-92
In base 13, what is 5 + 3b4?
3b9
In base 10, what is 336 + 4?
340
In base 13, what is a - -8a?
97
In base 8, what is -323 - 0?
-323
In base 6, what is -12 - -105?
53
In base 8, what is -57 - -30?
-27
In base 12, what is 1 - -24b?
250
In base 12, what is -4 + -6ba?
-702
In base 16, what is e - -2f?
3d
In base 15, what is 246 - -3?
249
In base 10, what is 28 + 12?
40
In base 12, what is 30 - 3?
29
In base 4, what is -120 - -23?
-31
In base 13, what is -4 - -81?
7a
In base 16, what is -638 + -4?
-63c
In base 7, what is 43 - 5?
35
In base 11, what is 152 + 0?
152
In base 2, what is -1100110111 + -100?
-1100111011
In base 11, what is -6 + -58?
-63
In base 11, what is 1743 - -2?
1745
In base 3, what is -201 + 1200?
222
In base 8, what is 2737 + 2?
2741
In base 11, what is 5a3 - 2?
5a1
In base 6, what is 1 - -15?
20
In base 4, what is 102133 - 3?
102130
In base 9, what is -4 - 0?
-4
In base 6, what is -235 - 1124?
-1403
In base 6, what is -103 - -241?
134
In base 10, what is 1 + 22?
23
In base 2, what is -1 + -100?
-101
In base 16, what is 3 + -7c?
-79
In base 9, what is 304 - 1?
303
In base 6, what is -22530 - -4?
-22522
In base 11, w